
283
Calculate the remainder when 33256 is divided by 79.
76
What is the remainder when 111346 is divided by 290?
276
What is the remainder when 2472209 is divided by 39?
38
What is the remainder when 2330793 is divided by 18?
9
Calculate the remainder when 2550 is divided by 1995.
555
What is the remainder when 509929 is divided by 10?
9
What is the remainder when 6051111 is divided by 887?
884
What is the remainder when 75097 is divided by 13?
9
What is the remainder when 379851 is divided by 127?
121
Calculate the remainder when 166956 is divided by 10.
6
Calculate the remainder when 9163 is divided by 1526.
7
Calculate the remainder when 4030 is divided by 92.
74
Calculate the remainder when 86597 is divided by 60.
17
Calculate the remainder when 348527 is divided by 1206.
1199
Calculate the remainder when 535151 is divided by 61.
59
Calculate the remainder when 3285 is divided by 1217.
851
What is the remainder when 33544 is divided by 1302?
994
Calculate the remainder when 3872 is divided by 61.
29
Calculate the remainder when 4330 is divided by 74.
38
Calculate the remainder when 11438 is divided by 35.
28
Calculate the remainder when 4908 is divided by 807.
66
Calculate the remainder when 26437 is divided by 28.
5
Calculate the remainder when 166906 is divided by 99.
91
What is the remainder when 422895 is divided by 11747?
3
What is the remainder when 18317 is divided by 395?
147
Calculate the remainder when 21645 is divided by 7140.
225
What is the remainder when 381690 is divided by 633?
624
Calculate the remainder when 31328 is divided by 209.
187
What is the remainder when 215352 is divided by 105?
102
Calculate the remainder when 270268 is divided by 315.
313
What is the remainder when 1058421 is divided by 74?
73
What is the remainder when 1213 is divided by 25?
13
What is the remainder when 12082 is divided by 3008?
50
Calculate the remainder when 99516 is divided by 32.
28
What is the remainder when 7783 is divided by 6?
1
What is the remainder when 1102110 is divided by 174?
168
Calculate the remainder when 1861 is divided by 60.
1
What is the remainder when 1034 is divided by 68?
14
Calculate the remainder when 235 is divided by 19.
7
Calculate the remainder when 18516 is divided by 44.
36
Calculate the remainder when 8083 is divided by 7.
5
Calculate the remainder when 2253 is divided by 2181.
72
What is the remainder when 211756 is divided by 253?
248
What is the remainder when 747274 is divided by 373634?
6
What is the remainder when 9791 is divided by 392?
383
Calculate the remainder when 6353 is divided by 3164.
25
Calculate the remainder when 1406 is divided by 570.
266
Calculate the remainder when 3016 is divided by 389.
293
Calculate the remainder when 21499 is divided by 158.
11
Calculate the remainder when 8583 is divided by 82.
55
Calculate the remainder when 72497 is divided by 537.
2
Calculate the remainder when 185078 is divided by 234.
218
Calculate the remainder when 57977 is divided by 57950.
27
Calculate the remainder when 26029 is divided by 95.
94
Calculate the remainder when 200111 is divided by 125.
111
What is the remainder when 2409065 is divided by 103?
101
Calculate the remainder when 17125 is divided by 68.
57
Calculate the remainder when 53102 is divided by 17698.
8
What is the remainder when 214 is divided by 76?
62
Calculate the remainder when 2642 is divided by 1490.
1152
Calculate the remainder when 7870 is divided by 292.
278
Calculate the remainder when 5746 is divided by 1903.
37
Calculate the remainder when 1810 is divided by 15.
10
Calculate the remainder when 45144 is divided by 14982.
198
Calculate the remainder when 200124 is divided by 25.
24
What is the remainder when 2005 is divided by 436?
261
Calculate the remainder when 1041 is divided by 135.
96
What is the remainder when 6298 is divided by 110?
28
Calculate the remainder when 1664 is divided by 167.
161
Calculate the remainder when 17721 is divided by 2530.
11
What is the remainder when 899 is divided by 110?
19
Calculate the remainder when 20862 is divided by 475.
437
Calculate the remainder when 23522 is divided by 721.
450
Calculate the remainder when 1084517 is divided by 380.
377
Calculate the remainder when 53980 is divided by 4494.
52
What is the remainder when 2304 is divided by 640?
384
What is the remainder when 12639 is divided by 4121?
276
What is the remainder when 211740 is divided by 40?
20
What is the remainder when 4304 is divided by 432?
416
What is the remainder when 48615 is divided by 18?
15
Calculate the remainder when 881 is divided by 735.
146
What is the remainder when 90958 is divided by 16?
14
Calculate the remainder when 1310 is divided by 653.
4
Calculate the remainder when 5324 is divided by 354.
14
Calculate the remainder when 7059 is divided by 7035.
24
What is the remainder when 468 is divided by 132?
72
Calculate the remainder when 2805 is divided by 198.
33
What is the remainder when 1717252 is divided by 18?
16
What is the remainder when 49378 is divided by 387?
229
Calculate the remainder when 882 is divided by 52.
50
What is the remainder when 696 is divided by 55?
36
What is the remainder when 1964 is divided by 177?
17
Calculate the remainder when 4558 is divided by 25.
8
Calculate the remainder when 3391143 is divided by 709.
705
What is the remainder when 1445 is divided by 9?
5
What is the remainder when 2168 is divided by 450?
368
What is the remainder when 1066 is divided by 879?
187
What is the remainder when 23985 is divided by 23?
19
What is the remainder when 2528 is divided by 2527?
1
What is the remainder when 5251 is divided by 53?
4
What is the remainder when 87379 is divided by 2?
1
Calculate the remainder when 1651 is divided by 17.
2
What is the remainder when 17711 is divided by 17662?
49
Calculate the remainder when 40162 is divided by 22.
12
What is the remainder when 11854 is divided by 1887?
532
Calculate the remainder when 1244 is divided by 158.
138
What is the remainder when 14902 is divided by 2110?
132
Calculate the remainder when 4904 is divided by 550.
504
What is the remainder when 53289 is divided by 91?
54
Calculate the remainder when 793421 is divided by 34.
31
What is the remainder when 1149 is divided by 227?
14
Calculate the remainder when 92395 is divided by 66.
61
What is the remainder when 10609 is divided by 696?
169
What is the remainder when 28014 is divided by 240?
174
What is the remainder when 1548 is divided by 772?
4
What is the remainder when 34420 is divided by 1187?
1184
What is the remainder when 4385 is divided by 225?
110
What is the remainder when 7784 is divided by 121?
40
Calculate the remainder when 3704 is divided by 65.
64
Calculate the remainder when 5051 is divided by 2430.
191
Calculate the remainder when 739 is divided by 86.
51
What is the remainder when 51384 is divided by 239?
238
What is the remainder when 5129 is divided by 425?
29
What is the remainder when 5872989 is divided by 393?
390
Calculate the remainder when 25252 is divided by 37.
18
What is the remainder when 12027 is divided by 901?
314
What is the remainder when 246419 is divided by 148?
147
What is the remainder when 5972 is divided by 2885?
202
What is the remainder when 5292 is divided by 265?
257
What is the remainder when 4842 is divided by 189?
117
What is the remainder when 7799 is divided by 180?
59
What is the remainder when 129086 is divided by 21514?
2
Calculate the remainder when 13353 is divided by 3332.
25
Calculate the remainder when 75996 is divided by 599.
522
Calculate the remainder when 86124 is divided by 265.
264
What is the remainder when 59332 is divided by 66?
64
Calculate the remainder when 35676 is divided by 1016.
116
Calculate the remainder when 4030 is divided by 876.
526
Calculate the remainder when 180 is divided by 71.
38
Calculate the remainder when 6477 is divided by 1594.
101
What is the remainder when 5204 is divided by 57?
17
Calculate the remainder when 23737 is divided by 212.
205
What is the remainder when 26929 is divided by 30?
19
What is the remainder when 7072553 is divided by 220?
213
What is the remainder when 338397 is divided by 203?
199
Calculate the remainder when 2288056 is divided by 9339.
1
Calculate th